{"id":5821,"date":"2015-11-08T07:18:50","date_gmt":"2015-11-08T06:18:50","guid":{"rendered":"http:\/\/kandk.bz\/?page_id=5821"},"modified":"2026-04-23T10:05:02","modified_gmt":"2026-04-23T08:05:02","slug":"ceny-2","status":"publish","type":"page","link":"https:\/\/www.kandk.bz\/cs\/ceny-2\/","title":{"rendered":"Ceny"},"content":{"rendered":"<p>P\u016fj\u010dovna ly\u017e\u00ed K &amp; K Sports <strong>nab\u00edz\u00ed nejv\u00fdhodn\u011bj\u0161\u00ed ceny<\/strong> na Seiser Alm\/Alpe di Siusi. Aktu\u00e1ln\u00ed ceny na\u0161\u00ed p\u016fj\u010dovny v Seisu am Schlern a na Seiser Alm\/Alpe di Siusi si m\u016f\u017eete <strong><a href=\"https:\/\/www.kandk.bz\/wp-content\/uploads\/KandKSports_2026_2027.pdf\" target=\"_blank\" rel=\"noopener noreferrer\">st\u00e1hnout zde<\/a><\/strong>.\u00a0 P\u016fj\u010dovna ly\u017e\u00ed K &amp; K Sports v Seisu am Schlern \u2013 p\u016fj\u010dovna ly\u017e\u00ed K &amp; K Sports Seiseralm \u2013 <strong>v\u017edy dobr\u00e1 volba<\/strong>!<\/p>\n<div class=\"textItem\"><\/div>\n","protected":false},"excerpt":{"rendered":"<p>P\u016fj\u010dovna ly\u017e\u00ed K &amp; K Sports nab\u00edz\u00ed nejv\u00fdhodn\u011bj\u0161\u00ed ceny na Seiser Alm\/Alpe di Siusi. Aktu\u00e1ln\u00ed ceny na\u0161\u00ed p\u016fj\u010dovny v Seisu am Schlern a na Seiser Alm\/Alpe di Siusi si m\u016f\u017eete st\u00e1hnout zde.\u00a0 P\u016fj\u010dovna ly\u017e\u00ed K &amp; K Sports v Seisu am Schlern \u2013 p\u016fj\u010dovna ly\u017e\u00ed K &amp; K Sports Seiseralm \u2013 v\u017edy dobr\u00e1 volba!<\/p>\n","protected":false},"author":3,"featured_media":0,"parent":0,"menu_order":40,"comment_status":"closed","ping_status":"closed","template":"template-preise.php","meta":{"_acf_changed":false,"footnotes":""},"class_list":["post-5821","page","type-page","status-publish","hentry"],"acf":[],"yoast_head":"<!-- This site is optimized with the Yoast SEO plugin v27.0 - https:\/\/yoast.com\/product\/yoast-seo-wordpress\/ -->\n<title>Ceny p\u016fj\u010dovnou a \u00faschovnou ly\u017e\u00ed - K&amp;K Sports Seiser Alm<\/title>\n<meta name=\"description\" content=\"P\u016fj\u010dovna ly\u017e\u00ed K &amp; K Sports nab\u00edz\u00ed nejv\u00fdhodn\u011bj\u0161\u00ed ceny na Seiser Alm\/Alpe di Siusi. Aktu\u00e1ln\u00ed ceny na\u0161\u00ed p\u016fj\u010dovny v Seisu am Schlern a na Seiser Alm\/Alpe di Siusi si m\u016f\u017eete st\u00e1hnout zde.\" \/>\n<meta name=\"robots\" content=\"index, follow, max-snippet:-1, max-image-preview:large, max-video-preview:-1\" \/>\n<link rel=\"canonical\" href=\"https:\/\/www.kandk.bz\/cs\/ceny-2\/\" \/>\n<meta property=\"og:locale\" content=\"cs_CZ\" \/>\n<meta property=\"og:type\" content=\"article\" \/>\n<meta property=\"og:title\" content=\"Ceny p\u016fj\u010dovnou a \u00faschovnou ly\u017e\u00ed - K&amp;K Sports Seiser Alm\" \/>\n<meta property=\"og:description\" content=\"P\u016fj\u010dovna ly\u017e\u00ed K &amp; K Sports nab\u00edz\u00ed nejv\u00fdhodn\u011bj\u0161\u00ed ceny na Seiser Alm\/Alpe di Siusi. Aktu\u00e1ln\u00ed ceny na\u0161\u00ed p\u016fj\u010dovny v Seisu am Schlern a na Seiser Alm\/Alpe di Siusi si m\u016f\u017eete st\u00e1hnout zde.\" \/>\n<meta property=\"og:url\" content=\"https:\/\/www.kandk.bz\/cs\/ceny-2\/\" \/>\n<meta property=\"og:site_name\" content=\"K&amp;K Sports - noleggio sci e deposito, Alpe di Siusi\" \/>\n<meta property=\"article:publisher\" content=\"https:\/\/www.facebook.com\/kandksport\" \/>\n<meta property=\"article:modified_time\" content=\"2026-04-23T08:05:02+00:00\" \/>\n<meta name=\"twitter:card\" content=\"summary_large_image\" \/>\n<meta name=\"twitter:label1\" content=\"Odhadovan\u00e1 doba \u010dten\u00ed\" \/>\n\t<meta name=\"twitter:data1\" content=\"1 minuta\" \/>\n<script type=\"application\/ld+json\" class=\"yoast-schema-graph\">{\"@context\":\"https:\/\/schema.org\",\"@graph\":[{\"@type\":\"WebPage\",\"@id\":\"https:\/\/www.kandk.bz\/cs\/ceny-2\/\",\"url\":\"https:\/\/www.kandk.bz\/cs\/ceny-2\/\",\"name\":\"Ceny p\u016fj\u010dovnou a \u00faschovnou ly\u017e\u00ed - K&K Sports Seiser Alm\",\"isPartOf\":{\"@id\":\"https:\/\/www.kandk.bz\/#website\"},\"datePublished\":\"2015-11-08T06:18:50+00:00\",\"dateModified\":\"2026-04-23T08:05:02+00:00\",\"description\":\"P\u016fj\u010dovna ly\u017e\u00ed K & K Sports nab\u00edz\u00ed nejv\u00fdhodn\u011bj\u0161\u00ed ceny na Seiser Alm\/Alpe di Siusi. Aktu\u00e1ln\u00ed ceny na\u0161\u00ed p\u016fj\u010dovny v Seisu am Schlern a na Seiser Alm\/Alpe di Siusi si m\u016f\u017eete st\u00e1hnout zde.\",\"inLanguage\":\"cs\",\"potentialAction\":[{\"@type\":\"ReadAction\",\"target\":[\"https:\/\/www.kandk.bz\/cs\/ceny-2\/\"]}]},{\"@type\":\"WebSite\",\"@id\":\"https:\/\/www.kandk.bz\/#website\",\"url\":\"https:\/\/www.kandk.bz\/\",\"name\":\"K&amp;K Sports - noleggio sci e deposito, Alpe di Siusi\",\"description\":\"K&amp;K Sports - noleggio sci e deposito, Alpe di Siusi\",\"potentialAction\":[{\"@type\":\"SearchAction\",\"target\":{\"@type\":\"EntryPoint\",\"urlTemplate\":\"https:\/\/www.kandk.bz\/?s={search_term_string}\"},\"query-input\":{\"@type\":\"PropertyValueSpecification\",\"valueRequired\":true,\"valueName\":\"search_term_string\"}}],\"inLanguage\":\"cs\"}]}<\/script>\n<!-- \/ Yoast SEO plugin. -->","yoast_head_json":{"title":"Ceny p\u016fj\u010dovnou a \u00faschovnou ly\u017e\u00ed - K&K Sports Seiser Alm","description":"P\u016fj\u010dovna ly\u017e\u00ed K & K Sports nab\u00edz\u00ed nejv\u00fdhodn\u011bj\u0161\u00ed ceny na Seiser Alm\/Alpe di Siusi. Aktu\u00e1ln\u00ed ceny na\u0161\u00ed p\u016fj\u010dovny v Seisu am Schlern a na Seiser Alm\/Alpe di Siusi si m\u016f\u017eete st\u00e1hnout zde.","robots":{"index":"index","follow":"follow","max-snippet":"max-snippet:-1","max-image-preview":"max-image-preview:large","max-video-preview":"max-video-preview:-1"},"canonical":"https:\/\/www.kandk.bz\/cs\/ceny-2\/","og_locale":"cs_CZ","og_type":"article","og_title":"Ceny p\u016fj\u010dovnou a \u00faschovnou ly\u017e\u00ed - K&K Sports Seiser Alm","og_description":"P\u016fj\u010dovna ly\u017e\u00ed K & K Sports nab\u00edz\u00ed nejv\u00fdhodn\u011bj\u0161\u00ed ceny na Seiser Alm\/Alpe di Siusi. Aktu\u00e1ln\u00ed ceny na\u0161\u00ed p\u016fj\u010dovny v Seisu am Schlern a na Seiser Alm\/Alpe di Siusi si m\u016f\u017eete st\u00e1hnout zde.","og_url":"https:\/\/www.kandk.bz\/cs\/ceny-2\/","og_site_name":"K&amp;K Sports - noleggio sci e deposito, Alpe di Siusi","article_publisher":"https:\/\/www.facebook.com\/kandksport","article_modified_time":"2026-04-23T08:05:02+00:00","twitter_card":"summary_large_image","twitter_misc":{"Odhadovan\u00e1 doba \u010dten\u00ed":"1 minuta"},"schema":{"@context":"https:\/\/schema.org","@graph":[{"@type":"WebPage","@id":"https:\/\/www.kandk.bz\/cs\/ceny-2\/","url":"https:\/\/www.kandk.bz\/cs\/ceny-2\/","name":"Ceny p\u016fj\u010dovnou a \u00faschovnou ly\u017e\u00ed - K&K Sports Seiser Alm","isPartOf":{"@id":"https:\/\/www.kandk.bz\/#website"},"datePublished":"2015-11-08T06:18:50+00:00","dateModified":"2026-04-23T08:05:02+00:00","description":"P\u016fj\u010dovna ly\u017e\u00ed K & K Sports nab\u00edz\u00ed nejv\u00fdhodn\u011bj\u0161\u00ed ceny na Seiser Alm\/Alpe di Siusi. Aktu\u00e1ln\u00ed ceny na\u0161\u00ed p\u016fj\u010dovny v Seisu am Schlern a na Seiser Alm\/Alpe di Siusi si m\u016f\u017eete st\u00e1hnout zde.","inLanguage":"cs","potentialAction":[{"@type":"ReadAction","target":["https:\/\/www.kandk.bz\/cs\/ceny-2\/"]}]},{"@type":"WebSite","@id":"https:\/\/www.kandk.bz\/#website","url":"https:\/\/www.kandk.bz\/","name":"K&amp;K Sports - noleggio sci e deposito, Alpe di Siusi","description":"K&amp;K Sports - noleggio sci e deposito, Alpe di Siusi","potentialAction":[{"@type":"SearchAction","target":{"@type":"EntryPoint","urlTemplate":"https:\/\/www.kandk.bz\/?s={search_term_string}"},"query-input":{"@type":"PropertyValueSpecification","valueRequired":true,"valueName":"search_term_string"}}],"inLanguage":"cs"}]}},"_links":{"self":[{"href":"https:\/\/www.kandk.bz\/cs\/wp-json\/wp\/v2\/pages\/5821","targetHints":{"allow":["GET"]}}],"collection":[{"href":"https:\/\/www.kandk.bz\/cs\/wp-json\/wp\/v2\/pages"}],"about":[{"href":"https:\/\/www.kandk.bz\/cs\/wp-json\/wp\/v2\/types\/page"}],"author":[{"embeddable":true,"href":"https:\/\/www.kandk.bz\/cs\/wp-json\/wp\/v2\/users\/3"}],"replies":[{"embeddable":true,"href":"https:\/\/www.kandk.bz\/cs\/wp-json\/wp\/v2\/comments?post=5821"}],"version-history":[{"count":92,"href":"https:\/\/www.kandk.bz\/cs\/wp-json\/wp\/v2\/pages\/5821\/revisions"}],"predecessor-version":[{"id":11266,"href":"https:\/\/www.kandk.bz\/cs\/wp-json\/wp\/v2\/pages\/5821\/revisions\/11266"}],"wp:attachment":[{"href":"https:\/\/www.kandk.bz\/cs\/wp-json\/wp\/v2\/media?parent=5821"}],"curies":[{"name":"wp","href":"https:\/\/api.w.org\/{rel}","templated":true}]}}

<p>Půjčovna lyží K &amp; K Sports <strong>nabízí nejvýhodnější ceny</strong> na Seiser Alm/Alpe di Siusi. Aktuální ceny naší půjčovny v Seisu am Schlern a na Seiser Alm/Alpe di Siusi si můžete <strong><a href="https://www.kandk.bz/wp-content/uploads/KandKSports_2026_2027.pdf" target="_blank" rel="noopener noreferrer">stáhnout zde</a></strong>.  Půjčovna lyží K &amp; K Sports v Seisu am Schlern – půjčovna lyží K &amp; K Sports Seiseralm – <strong>vždy dobrá volba</strong>!</p>
<div class="textItem"></div>

<p>Půjčovna lyží K &amp; K Sports nabízí nejvýhodnější ceny na Seiser Alm/Alpe di Siusi. Aktuální ceny naší půjčovny v Seisu am Schlern a na Seiser Alm/Alpe di Siusi si můžete stáhnout zde.  Půjčovna lyží K &amp; K Sports v Seisu am Schlern – půjčovna lyží K &amp; K Sports Seiseralm – vždy dobrá volba!</p>

<!-- This site is optimized with the Yoast SEO plugin v27.0 - https://yoast.com/product/yoast-seo-wordpress/ -->
<title>Ceny půjčovnou a úschovnou lyží - K&amp;K Sports Seiser Alm</title>
<meta name="description" content="Půjčovna lyží K &amp; K Sports nabízí nejvýhodnější ceny na Seiser Alm/Alpe di Siusi. Aktuální ceny naší půjčovny v Seisu am Schlern a na Seiser Alm/Alpe di Siusi si můžete stáhnout zde." />
<meta name="robots" content="index, follow, max-snippet:-1, max-image-preview:large, max-video-preview:-1" />
<link rel="canonical" href="https://www.kandk.bz/cs/ceny-2/" />
<meta property="og:locale" content="cs_CZ" />
<meta property="og:type" content="article" />
<meta property="og:title" content="Ceny půjčovnou a úschovnou lyží - K&amp;K Sports Seiser Alm" />
<meta property="og:description" content="Půjčovna lyží K &amp; K Sports nabízí nejvýhodnější ceny na Seiser Alm/Alpe di Siusi. Aktuální ceny naší půjčovny v Seisu am Schlern a na Seiser Alm/Alpe di Siusi si můžete stáhnout zde." />
<meta property="og:url" content="https://www.kandk.bz/cs/ceny-2/" />
<meta property="og:site_name" content="K&amp;K Sports - noleggio sci e deposito, Alpe di Siusi" />
<meta property="article:publisher" content="https://www.facebook.com/kandksport" />
<meta property="article:modified_time" content="2026-04-23T08:05:02+00:00" />
<meta name="twitter:card" content="summary_large_image" />
<meta name="twitter:label1" content="Odhadovaná doba čtení" />
	<meta name="twitter:data1" content="1 minuta" />
<script type="application/ld+json" class="yoast-schema-graph">{"@context":"https://schema.org","@graph":[{"@type":"WebPage","@id":"https://www.kandk.bz/cs/ceny-2/","url":"https://www.kandk.bz/cs/ceny-2/","name":"Ceny půjčovnou a úschovnou lyží - K&K Sports Seiser Alm","isPartOf":{"@id":"https://www.kandk.bz/#website"},"datePublished":"2015-11-08T06:18:50+00:00","dateModified":"2026-04-23T08:05:02+00:00","description":"Půjčovna lyží K & K Sports nabízí nejvýhodnější ceny na Seiser Alm/Alpe di Siusi. Aktuální ceny naší půjčovny v Seisu am Schlern a na Seiser Alm/Alpe di Siusi si můžete stáhnout zde.","inLanguage":"cs","potentialAction":[{"@type":"ReadAction","target":["https://www.kandk.bz/cs/ceny-2/"]}]},{"@type":"WebSite","@id":"https://www.kandk.bz/#website","url":"https://www.kandk.bz/","name":"K&amp;K Sports - noleggio sci e deposito, Alpe di Siusi","description":"K&amp;K Sports - noleggio sci e deposito, Alpe di Siusi","potentialAction":[{"@type":"SearchAction","target":{"@type":"EntryPoint","urlTemplate":"https://www.kandk.bz/?s={search_term_string}"},"query-input":{"@type":"PropertyValueSpecification","valueRequired":true,"valueName":"search_term_string"}}],"inLanguage":"cs"}]}</script>
<!-- / Yoast SEO plugin. -->

Ceny půjčovnou a úschovnou lyží - K&K Sports Seiser Alm

Půjčovna lyží K & K Sports nabízí nejvýhodnější ceny na Seiser Alm/Alpe di Siusi. Aktuální ceny naší půjčovny v Seisu am Schlern a na Seiser Alm/Alpe di Siusi si můžete stáhnout zde.
